 of 9?
True
Is 588 a multiple of 49?
True
Does 11 divide 1000?
False
Is 5 a factor of 667?
False
Does 12 divide 136?
False
Does 68 divide 2371?
False
Is 3 a factor of 315?
True
Is 8 a factor of 10863?
False
Does 12 divide 1556?
False
Is 6 a factor of 2754?
True
Is 826 a multiple of 14?
True
Does 21 divide 231?
True
Is 89488 a multiple of 34?
True
Does 24 divide 11871?
False
Does 153 divide 9639?
True
Does 26 divide 1203?
False
Is 6 a factor of 628?
False
Is 52 a multiple of 4?
True
Is 1851 a multiple of 71?
False
Is 30 a factor of 10629?
False
Does 13 divide 26?
True
Does 2 divide 495?
False
Is 80 a factor of 90960?
True
Does 14 divide 5938?
False
Is 246 a factor of 24805?
False
Does 91 divide 848?
False
Is 142 a factor of 12496?
True
Does 57 divide 1166?
False
Is 23 a factor of 6066?
False
Does 3 divide 9848?
False
Is 2 a factor of 69?
False
Does 27 divide 15633?
True
Does 99 divide 2673?
True
Does 38 divide 14132?
False
Does 15 divide 73?
False
Is 163 a factor of 28465?
False
Is 73132 a multiple of 94?
True
Does 112 divide 5152?
True
Is 9 a factor of 660?
False
Is 12978 a multiple of 14?
True
Is 9471 a multiple of 28?
False
Is 35 a factor of 966?
False
Does 28 divide 1026?
False
Is 5138 a multiple of 7?
True
Is 262 a multiple of 27?
False
Does 2 divide 197?
False
Is 7 a factor of 1540?
True
Is 4 a factor of 200?
True
Does 4 divide 15564?
True
Is 10460 a multiple of 92?
False
Does 46 divide 12006?
True
Is 702 a multiple of 4?
False
Is 15 a factor of 2715?
True
Is 28 a factor of 196?
True
Does 141 divide 4371?
True
Is 2716 a multiple of 14?
True
Is 602 a multiple of 7?
True
Is 22 a factor of 163?
False
Does 11 divide 39135?
False
Is 10 a factor of 698?
False
Is 1140 a multiple of 30?
True
Is 10 a factor of 16640?
True
Is 13655 a multiple of 75?
False
Is 3100 a multiple of 10?
True
Is 61060 a multiple of 25?
False
Is 72 a multiple of 8?
True
Does 15 divide 2407?
False
Does 8 divide 42024?
True
Is 506 a multiple of 6?
False
Is 13 a factor of 741?
True
Is 32 a multiple of 26?
False
Is 6 a factor of 200?
False
Is 27 a factor of 527?
False
Is 36 a factor of 72?
True
Is 392 a multiple of 6?
False
Does 7 divide 1528?
False
Does 29 divide 4031?
True
Is 15503 a multiple of 38?
False
Does 29 divide 47821?
True
Is 366 a multiple of 73?
False
Is 56625 a multiple of 75?
True
Is 3198 a multiple of 26?
True
Is 4785 a multiple of 87?
True
Does 7 divide 706?
False
Does 40 divide 5200?
True
Is 30 a factor of 6750?
True
Does 20 divide 1470?
False
Does 38 divide 1158?
False
Does 36 divide 7683?
False
Is 35 a factor of 556?
False
Is 220 a factor of 129360?
True
Does 36 divide 557?
False
Is 1321 a multiple of 34?
False
Is 1829 a multiple of 5?
False
Is 9678 a multiple of 5?
False
Does 173 divide 35712?
False
Is 194 a multiple of 26?
False
Is 2777 a multiple of 9?
False
Does 10 divide 2869?
False
Is 8463 a multiple of 56?
False
Does 23 divide 2346?
True
Is 1068 a multiple of 29?
False
Is 9058 a multiple of 7?
True
Is 8306 a multiple of 6?
False
Is 7 a factor of 455?
True
Does 9 divide 3130?
False
Does 2 divide 161?
False
Is 72 a multiple of 27?
False
Is 1484 a multiple of 17?
False
Is 10084 a multiple of 41?
False
Is 6 a factor of 247?
False
Is 8 a factor of 2741?
False
Does 250 divide 46750?
True
Does 5 divide 192?
False
Is 39 a factor of 951?
False
Does 9 divide 110565?
True
Does 37 divide 1265?
False
Is 60 a factor of 23204?
False
Is 4180 a multiple of 55?
True
Is 13 a factor of 93566?
False
Is 168 a multiple of 56?
True
Is 64 a factor of 18432?
True
Is 15 a factor of 42042?
False
Is 6320 a multiple of 46?
False
Is 840 a multiple of 105?
True
Does 2 divide 69?
False
Is 92 a factor of 17580?
False
Is 806 a multiple of 26?
True
Is 22185 a multiple of 87?
True
Is 23676 a multiple of 9?
False
Is 1836 a multiple of 12?
True
Does 26 divide 84596?
False
Is 56 a factor of 17416?
True
Does 12 divide 6072?
True
Is 4541 a multiple of 19?
True
Is 7 a factor of 7?
True
Is 3 a factor of 216?
True
Does 9 divide 9?
True
Is 1080 a multiple of 54?
True
Is 54405 a multiple of 135?
True
Is 33 a factor of 57987?
False
Does 9 divide 42?
False
Does 36 divide 1292?
False
Does 12 divide 1080?
True
Is 3 a factor of 3080?
False
Is 189 a multiple of 7?
True
Is 50 a factor of 1500?
True
Is 56 a factor of 1680?
True
Does 11 divide 77?
True
Does 4 divide 9484?
True
Is 562 a multiple of 18?
False
Does 4 divide 426?
False
Is 3729 a multiple of 22?
False
Is 21 a factor of 581?
False
Does 5 divide 45200?
True
Is 1032 a multiple of 15?
False
Is 9 a factor of 136?
False
Does 204 divide 34932?
False
Is 34 a factor of 10030?
True
Is 18454 even?
True
Is 11 a factor of 6116?
True
Is 14526 a multiple of 7?
False
Is 59 a factor of 8178?
False
Is 3 a factor of 49?
False
Does 101 divide 78500?
False
Is 8 a factor of 2072?
True
Does 15 divide 1747?
False
Is 10 a factor of 299?
False
Is 117450 a multiple of 81?
True
Does 37 divide 57466?
False
Does 4 divide 1226?
False
Is 24 a factor of 1176?
True
Does 90 divide 359?
False
Is 4968 a multiple of 46?
True
Does 22 divide 3674?
True
Is 12863 a multiple of 19?
True
Is 9282 a multiple of 40?
False
Is 182 a factor of 162708?
True
Does 35 divide 315?
True
Does 338 divide 105456?
True
Is 575 a multiple of 62?
False
Is 850 a multiple of 25?
True
Is 10 a factor of 2953?
False
Is 3 a factor of 4696?
False
Is 5936 a multiple of 16?
True
Does 19 divide 6576?
False
Is 118957 a multiple of 46?
False
Is 109 a factor of 39401?
False
Is 3472 a multiple of 28?
True
Is 1188 a multiple of 36?
True
Does 55 divide 1925?
True
Is 14 a factor of 1389?
False
Is 10 a factor of 299?
False
Is 37 a factor of 629?
True
Does 10 divide 1700?
True
Is 3368 a multiple of 7?
False
Is 18 a factor of 235?
False
Is 31843 a multiple of 12?
False
Does 65 divide 17588?
False
Is 6080 a multiple of 80?
True
Does 6 divide 242?
False
Is 7 a factor of 440?
False
Is 1652 a multiple of 59?
True
Is 7 a factor of 17605?
True
Is 5476 a multiple of 43?
False
Is 1564 a multiple of 34?
True
Does 90 divide 1530?
True
Is 988 a multiple of 19?
True
Is 1938 a multiple of 41?
False
Is 15060 a multiple of 30?
True
Is 1458 a multiple of 10?
False
Does 28 divide 16100?
True
Is 62 a factor of 1302?
True
Is 84480 a multiple of 30?
True
Does 25 divide 19275?
True
Does 20 divide 172168?
False
Does 49 divide 86629?
False
Is 5 a factor of 18820?
True
Is 30 a factor of 1856?
False
Is 6 a factor of 2202?
True
Is 45 a factor of 585?
True
Does 22 divide 14740?
True
Is 86458 a multiple of 204?
False
Is 7797 a multiple of 10?
False
Is 20 a factor of 406?
False
Is 184 a factor of 14536?
True
Is 80 a multiple of 5?
True
Is 8 a factor of 2084?
False
Does 18 divide 1908?
True
Does 26 divide 4732?
True
Does 10 divide 840?
True
Does 40 divide 3718?
False
Is 15057 a multiple of 63?
True
Is 3476 a multiple of 28?
False
Is 1914 a multiple of 77?
False
Is 35 a factor of 1798?
False
Is 37 a factor of 52545?
False
Does 7 divide 5781?
False
Is 8 a factor of 14152?
True
Is 4966 a multiple of 26?
True
Is 33 a factor of 3604?
False
Is 39 a factor of 1221?
False
Is 11940 a multiple of 27?
False
Is 18 a factor of 6894?
True
Does 10 divide 31?
False
Is 34 a factor of 7071?
False
Is 4 a factor of 72?
True
Does 90 divide 720?
True
Does 10 divide 11914?
False
Is 6693 a multiple of 97?
True
Is 231 a factor of 36267?
True
Does 28 divide 5880?
True
Does 97 divide 788?
False
Is 4810 a multiple of 13?
True
Is 10 a factor of 566?
False
Does 15 divide 690?
True
Does 7 divide 10724?
True
Does 105 divide 123213?
False
Does 30 divide 4342?
False
Is 11016 a multiple of 4?
True
Is 10080 a multiple of 144?
True
Does 38 divide 1136?
False
Does 52 divide 5980?
True
Is 5 a factor of 425?
True
Is 169 a factor of 81627?
True
Is 7479 a multiple of 27?
True
Is 34 a factor of 1802?
True
Is 512 a multiple of 64?
True
Is 36 a factor of 3168?
True
Is 8273 a multiple of 55?
False
Does 46 divide 45440?
False
Does 67 divide 3350?
True
Is 41 a factor of 681?
False
Is 10 a factor of 63?
False
Does 21 divide 24696?
True
Is 82 a factor of 4182?
True
Does 162 divide 12751?
False
Is 62759 a multiple of 97?
True
Does 8 divide 9696?
True
Does 22 divide 1626?
False
Is 157877 a multiple of 75?
False
Does 57 divide 1807?
False
Is 62 a factor of 7186?
False
Does 28 divide 308?
True
Is 222 a